3
Calculate -4 - (1 + 1 + -12 - (1 - -1)).
8
-6 + 56 + -34 + (-11 - -27)
32
What is the value of -12 - (-17 + -6 + -2) - (1 - -2)?
10
What is -3 - -10 - 0 - (-41 - (-73 - -23))?
-2
Evaluate 10 - -2 - 2 - (1 + (3 - -2)).
4
(4 - (12 - -3)) + 19 + 2
10
Calculate (10 - -7) + -10 - 27.
-20
Evaluate 54 - 65 - (-24 + 0).
13
3 + 15 + (-27 - -20)
11
What is the value of (-1 - 11 - -12) + (-4 + -3 - -2)?
-5
Evaluate (-4 + -19 - -10) + -3 - 1.
-17
10 - 39 - -43 - -3
17
What is (-16 + -6 - -6) + 2?
-14
Evaluate -5 - (17 - 82) - 30.
30
-5 + 22 - (-12 + 10 - 8)
27
What is 10 + 6 + (-7 - 12)?
-3
Evaluate 9 + ((-9 - -2) + 1 - (0 + -5)).
8
Calculate 12 + 2 + -42 + 17.
-11
What is 2 + -4 + (-17 - -48 - 40)?
-11
What is -13 - -7 - 33 - -46?
7
What is the value of -14 + (15 - 4 - 16) + 0 + 6?
-13
What is the value of (0 - (-9 - -20)) + 1 + 3?
-7
What is 7 + (12 - 34 - -10 - 15)?
-20
What is the value of -13 + -31 + -18 - -41?
-21
Calculate -13 + 7 + 2 + 9 + -3 + -1.
1
Evaluate 13 - (-4 - 8) - -13 - 15.
23
What is the value of -40 - -76 - 27 - 9?
0
Evaluate 0 - ((-26 - -4) + 14) - (-23 - 3).
34
Calculate -33 - (-128 + 32 + 30).
33
What is the value of -27 + -26 + 31 + 21?
-1
Evaluate 13 + (4 - 1) + -7 + (-5 - -17).
21
18 + 11 + -15 - ((0 - -4) + -2)
12
Calculate -11 - (-18 + 35 + -20).
-8
Calculate -1 + -1 - (5 + -4 + 3).
-6
Calculate (0 - 5) + -1 + (-8 - 16 - -28).
-2
Calculate -12 + -2 + (-5 - -5) + 4.
-10
What is the value of (-13 - 0 - (-61 + 11)) + -2 + -10?
25
What is (-4 + (6 - -3) - 10) + -10?
-15
(-54 - (-13 + -14)) + 25 - (-1 + -6)
5
(-15 + 6 - (1 + -6) - -2) + 11
9
(-8 - -11 - 10) + -10 - 1
-18
What is the value of (-27 - (12 - 31)) + 13?
5
What is -4 - (-15 + 21) - (0 - 18)?
8
10 + (-51 + 50 - (7 - 0)) + 13
15
Calculate (-18 - (10 + -15 + -8)) + 0 + -1.
-6
What is -14 + 8 + (30 - 16)?
8
What is (155 - 147) + 2 + -5?
5
What is -6 + 1 + -2 + -1063 + 1071 + 26?
27
Calculate 17 + (-11 - -3) + 12.
21
(9 - -3) + (-28 + 20 - 21)
-17
What is -9 + 2 + (-3 - -15 - 20)?
-15
What is -1 + -1 - (-11 + (-13 + 10 - -10))?
2
Calculate 10 + -2 + (-102 - -87).
-7
Evaluate 28 + (-14 + 6 - -8) - -1.
29
Evaluate (3 - (0 + -13 + 9)) + -6.
1
What is -10 - 0 - (-20 + -6 + 20)?
-4
Calculate (-4 - (1 + 2 - (-10 - -10))) + -5.
-12
What is the value of (3 - 3 - 0) + -6 + -86 + 91?
-1
Calculate 17 + (-35 - (-13 + -3)).
-2
What is 10 + 0 + (60 + -106 - -43)?
7
What is (15 - -1) + -379 + 372 - (21 + 0)?
-12
Calculate 3 + 16 + (-6 + -11 + 29 - 6).
25
What is 3 + 0 + 17 + (-35 - 0) + 0?
-15
-12 + (-3 - -13) + 11 + -3 + -14
-8
(9 + (6 - 18) - -3) + 1
1
What is the value of (10 + -2 - (-20 + 23)) + 5?
10
44 - (-2 + 0 + 3 + 4 + 6)
33
What is the value of (0 - 17 - -6) + 0?
-11
What is the value of (0 - 3 - -1 - (-15 - 0)) + 8?
21
What is -3 - (4 - (14 + -11 + -10))?
-14
Evaluate (-5 - (-11 - -7)) + 2 + 3 + 4.
8
(9 + -19 - (1 - 10)) + 3
2
Evaluate -5 + ((-5 - -51) + (8 - 19) - 1).
29
Evaluate (-22 - -39) + -2 + -6.
9
Evaluate (5 - 18) + 1 + 0 + -2 + 3.
-11
Calculate 35 - (4 + 23 + -4).
12
What is -4 + 1 - (-34 + 55) - -11?
-13
Evaluate 1 + 5 - (31 - 30).
5
What is the value of -4 + 1 + 13 + -17 + 13?
6
Evaluate 16 + -12 + -19 - 4.
-19
Calculate (11 - -4 - 11) + -1.
3
-54 + 31 + 24 + -9
-8
(-3 - 12) + -22 + 25 + -22 + 8
-26
Evaluate 17 + (-17 - (3 + -12)) - -1.
10
Evaluate 16 + (-5 - (2 - 5)).
14
What is -1 + -28 + -134 + 152?
-11
What is 20 + (12 - (30 - (2 - -9)))?
13
What is the value of (-1 - 1) + 29 + -3 - (-2 + 11)?
15
Evaluate 21 + 8 + 11 - 26.
14
What is the value of 10 + -20 + 4 + 17 + 16?
27
What is (-1 - 2 - (0 + 4 - 1)) + 5?
-1
Calculate 0 - -16 - (-278 - -280).
14
-23 - (-48 - (-8 + -5))
12
-34 + -1 + (890 - 872)
-17
Calculate (6 - 8) + 7 + -3 - -8 - 4.
6
Calculate (22 - (16 - -17)) + -13 + -1 - -7.
-18
What is (0 - 6 - (-2 + -10 - -1)) + -1?
4
What is the value of (1 - -3) + -136 + 140 + (-12 - 0)?
-4
7 - ((-6 - 2 - -19) + 8 + -3)
-9
What is (10 - 1 - 3) + -9 - 0 - -11?
8
What is the value of -7 + 18 - (11 + -6 - (3 + 0))?
9
What is 6 - (0 + 3 - (-1 - -1))?
3
(16 + -10 - 6) + 11
11
Evaluate -3 + -6 + 1 - (-33 - -25).
0
Calculate (-2 - (-11 + 13)) + (3 - -3).
2
(1 - 2) + 19 + -17 + -94 + 89
-4
What is the value of (-22 - 1) + (7 - -6)?
-10
(1 - 1 - (19 + -16)) + 3 - -22
22
450 + -440 + -31 + -5
-26
Evaluate -5 + 2 - 0 - (119 + -102).
-20
-7 - (3 + -8 - (-32 + 21))
-13
Calculate -1 - -33 - (-410 + 448).
-6
Evaluate (-12 - (3 + -29)) + -10.
4
28 + (-1 - (-3 + 2)) + -138 + 132
22
What is the value of 11 - (56 - 54) - (1 + 8)?
0
What is the value of (-5 - (37 - 7)) + 6 - -16?
-13
Evaluate -65 + 58 - (7 + -11 - 0 - 7).
4
11 - (28 + (-9 - -12) + -2 + 1)
-19
Evaluate 233 + -227 + 32 + -7.
31
What is 3 + 20 - (205 - 197)?
15
22 + -45 + 40 - 23
-6
What is the value of 3 + 0 - (45 - 14 - 25)?
-3
Calculate 4 + -3 - (-18 - (-30 + -2)).
-13
12 - (7 + -9 - (0 + 3))
17
Evaluate 8 + -9 - (-2 - (0 - -1)) - 12.
-10
Calculate 37 + (-17 - -15) + -21.
14
Calculate -37 - (4 + (-20 - 0)).
-21
What is the value of -6 - 1 - (-107 - -82)?
18
What is the value of 28 + -11 - (12 + -11)?
16
What is the value of 14 - (0 + 16 - 9)?
7
Calculate 0 + -21 - (-5 + 13 - 20 - -6).
-15
What is (-4 - (2 + -6)) + -16 + -16?
-32
What is the value of (-21 - -2) + -17 + 42?
6
Calculate -18 + 2 + 4 - (-17 + 30).
-25
What is the value of (-155 - -158) + 0 + 10?
13
What is -33 + -21 + (42 - 9)?
-21
57 + -24 + -30 - 34
-31
What is -12 + 6 + -4 - 1 - (-3 + 3)?
-11
-3 - (-2 - 1 - (-73 + 79))
6
(6 - 3) + -1 - (31 - 18)
-11
-178 - -207 - (2 + -3 + 8)
22
What is (0 - 5) + 13 - (-11 - (-38 + 7))?
-12
Calculate 11 + (16 - 17) - 11.
-1
What is the value of (-31 - -30) + (-14 - -5) + -2 + -1?
-13
Calculate -27 + (-15 - -29) + -10.
-23
Calculate -5 + -27 + (3 + -7 - (-12 - -4)).
-28
What is 0 + -1 - -3 - (-70 - -66)?
6
What is (-23 + 41 - 43) + 19?
-6
Evaluate 106 - 110 - (0 + 3 - 10).
3
12 - 0 - (-8 + -2 + 15)
7
-2 + 73 - 50 - (-1 - (1 + -6))
17
24 + -21 + -13 + -3 + -1 + 5
-9
Evaluate -88 + 61 - (-6 + 18 + -2).
-37
What is 3 + (0 - 1 - (-3 - 7))?
12
(2 - -4 - 26) + 34 + -23
-9
-17 - (2 + (-9 - -8) - (19 + -11))
-10
-62 + 53 + 16 + 1 + -1 + -7
0
Calculate 4 + 3 - -5 - 18.
-6
Calculate -2 + 8 - -10 - (2 + (-2 - -7)).
9
What is the value of 12 - (-5 + (-4 + 11 - -1))?
9
What is 12 + -25 + 8 + (-1 - -1)?
-5
Calculate 17 - (19 + 1) - 0.
-3
What is (-1 - -1 - 0) + -23 - (3240 - 3237)?
-26
Calculate 184 + -204 + (-1 - -8).
-13
13 + (-8 - -6) + (-1 - -1 - 2)
9
Calculate -13 - (-13 + -4) - 12.
-8
Calculate 6 + (-1 - 0) + (954 - 942).
17
Evaluate (-21 - (-27 - -16)) + 23.
13
Calculate -3 + 5 + (9 + 1 + -11 - 32).
-31
55 + -42 - (3 + 27) - -2
-15
Calculate -1 + 11 - (0 + 6 - (-10 + 15)).
9
What is -11 + -1 + 2 - (321 + -329)?
-2
Calculate -28 - (-3 + -9) - -22.
6
Calculate -9 - (-231 - -193 - (2 - -2)).
33
-5 + 35 + (-3 - 3)
24
Calculate 9 + (43 - 18) + -11.
23
What is 2 + 11 - (-4 + (9 - 9))?
17
Calculate 39 - (-35 + 49 - (6 + 1)).
32
What is 8 + 34 + 10 + -40?
12
Evaluate 21 + (-39 + 11 - 9).
-16
Evaluate (-4 - (-18 - -12) - (-7 - 1)) + 3.
13
8 + (-8 - (8 + (7 - 15)))
0
Evaluate -2 - -20 - (-26 - -35).
9
-4 - -1 - (-762 + 757)
2
What is 4 + -4 + -6 - -4 - (10 - 29)?
17
(-20 - -40 - -7) + 3
30
What is the value of -8 - (-16 - (27 - 43))?
-8
Evaluate 10 - ((-8 - -56) + 0 + -2 + -3).
-33
Calculate 2 + 37 + (-171 - -139).
7
What is (10 - 1) + -6 + 11?
14
40 + -82 - -40 - 7
-9
What is -2 + 23 - (-189 - -220)?
-10
Calculate 9 - (-6 + -17 + 12 - -17).
3
What is (22 - 3) + -264 + 244?
-1
Calculate (-4 + (5 - -6) - 8) + 4.
3
6 + -1 + -5 + (-18 - 0)
-18
Calculate -1 - ((-1 - 0 - (-10 - -10)) + 9).
-9
What is 16 - 25 - -28 - 8?
11
Calculate (-7 - 2) + 2 + (-1 - -3).
-5
(-46 - -45) + 2 + -12 + 14
3
8 + (11 - 24) + 5
0
(0 - -4) + -41 + 48 + 5 + -3
13
(8 + -1 - (13 + -4 + -3)) + -5
-4
16 + (-2 - 5) + 0 + 1 - -4
14
What is the value of 4 - (-17 + (2 - (4 + (0 - 7))))?
16
Calculate -9 + -9 + 25 + -19 + (2 - -38).
28
What is the value of (-4 - (3 - (-6 + -9))) + 8?
-14
(12 - (14 + -11)) + -7 + 4
6
What is -9 - (11 + -11 + 3 + -11)?
-1
Evaluate (6 + 2 + -4 - -5) + 2.
11
Evaluate 25 + (-17 - (0 + 14)).
-6
Evaluate 7 + 0 + (-5 - 6).
-4
Calculate 3 - -12 - -2 - (94 - 92).
15
What is -6 + -7 + 29 + -5?
11
Evaluate -1228 + 1223 + (14 - 2).
7
149 - 150 - ((0 -